
List the prime factors of 1232670.
2, 3, 5, 17, 2417
List the prime factors of 660577.
73, 9049
List the prime factors of 2308276.
2, 577069
List the prime factors of 98501.
13, 7577
What are the prime factors of 2145812?
2, 536453
List the prime factors of 723091.
37, 19543
List the prime factors of 8150787.
3, 47, 2141
What are the prime factors of 441276?
2, 3, 11, 3343
List the prime factors of 1296598.
2, 19, 149, 229
What are the prime factors of 308811?
3, 79, 1303
What are the prime factors of 253963?
17, 14939
What are the prime factors of 7830339?
3, 11, 237283
List the prime factors of 1285147.
1285147
List the prime factors of 1141751.
13, 71, 1237
List the prime factors of 588007.
7, 167, 503
List the prime factors of 287538.
2, 3, 17, 2819
List the prime factors of 315784.
2, 7, 5639
What are the prime factors of 4083975?
3, 5, 7, 2593
List the prime factors of 549827.
197, 2791
What are the prime factors of 25086322?
2, 17, 191, 3863
What are the prime factors of 390875?
5, 53, 59
List the prime factors of 2120330.
2, 5, 43, 4931
List the prime factors of 3315890.
2, 5, 331589
What are the prime factors of 5052533?
5052533
List the prime factors of 437872.
2, 27367
What are the prime factors of 103930?
2, 5, 19, 547
What are the prime factors of 34504149?
3, 463, 24841
What are the prime factors of 6594242?
2, 241, 13681
List the prime factors of 45101.
7, 17, 379
What are the prime factors of 303604?
2, 7, 1549
List the prime factors of 2091546.
2, 3, 131, 887
What are the prime factors of 447217?
447217
List the prime factors of 1576862.
2, 7, 163, 691
What are the prime factors of 5453755?
5, 683, 1597
List the prime factors of 16079934.
2, 3, 13, 206153
List the prime factors of 34581782.
2, 67, 421, 613
What are the prime factors of 91447?
19, 4813
List the prime factors of 690073.
690073
What are the prime factors of 423493?
7, 101, 599
What are the prime factors of 14024?
2, 1753
List the prime factors of 96029.
109, 881
What are the prime factors of 769093?
13, 67, 883
List the prime factors of 851545.
5, 73, 2333
List the prime factors of 134563.
11, 13, 941
List the prime factors of 18107591.
2699, 6709
What are the prime factors of 879807?
3, 293269
What are the prime factors of 213506?
2, 106753
List the prime factors of 334551.
3, 7, 89, 179
What are the prime factors of 2530285?
5, 199, 2543
What are the prime factors of 4591715?
5, 29, 31667
List the prime factors of 618494.
2, 17, 18191
List the prime factors of 2817966.
2, 3, 19, 1301
List the prime factors of 1027698.
2, 3, 7, 24469
List the prime factors of 5559906.
2, 3, 11, 61, 1381
List the prime factors of 428022.
2, 3, 7, 43, 79
What are the prime factors of 291891?
3, 149, 653
List the prime factors of 28622941.
37, 281, 2753
What are the prime factors of 10458859?
17, 23, 1163
What are the prime factors of 34061?
34061
List the prime factors of 726907.
397, 1831
What are the prime factors of 263174?
2, 181, 727
List the prime factors of 861388.
2, 11, 19577
List the prime factors of 43041.
3, 14347
List the prime factors of 10688778.
2, 3, 67, 8863
What are the prime factors of 157187?
19, 8273
List the prime factors of 7355670.
2, 3, 5, 7, 35027
List the prime factors of 1599937.
1599937
List the prime factors of 2246334.
2, 3, 374389
List the prime factors of 281588.
2, 17, 41, 101
What are the prime factors of 487075?
5, 19483
List the prime factors of 156714.
2, 3, 26119
What are the prime factors of 336815?
5, 31, 41, 53
What are the prime factors of 416425?
5, 16657
List the prime factors of 413608.
2, 13, 41, 97
List the prime factors of 23255383.
967, 24049
List the prime factors of 1491163.
227, 6569
List the prime factors of 2180853.
3, 167, 1451
What are the prime factors of 15524459?
31, 149, 3361
List the prime factors of 511579.
511579
What are the prime factors of 1442368?
2, 31, 727
List the prime factors of 20249498.
2, 53, 191033
List the prime factors of 9525475.
5, 381019
What are the prime factors of 2393080?
2, 5, 29, 2063
List the prime factors of 2286827.
2286827
List the prime factors of 6120013.
6120013
List the prime factors of 265838.
2, 61, 2179
List the prime factors of 14704.
2, 919
List the prime factors of 22789348.
2, 181, 31477
What are the prime factors of 792508?
2, 198127
What are the prime factors of 8029155?
3, 5, 31, 557
What are the prime factors of 271763?
359, 757
List the prime factors of 329130.
2, 3, 5, 23, 53
List the prime factors of 840336.
2, 3, 7, 41, 61
What are the prime factors of 40019?
7, 5717
What are the prime factors of 24211509?
3, 7, 317, 3637
What are the prime factors of 946902?
2, 3, 11, 14347
List the prime factors of 1470479.
953, 1543
What are the prime factors of 308475?
3, 5, 457
List the prime factors of 4281160.
2, 5, 13, 8233
List the prime factors of 29119294.
2, 3769, 3863
What are the prime factors of 380526?
2, 3, 63421
List the prime factors of 510703.
71, 7193
What are the prime factors of 226340?
2, 5, 11317
What are the prime factors of 868111?
868111
What are the prime factors of 675434?
2, 41, 8237
List the prime factors of 1960646.
2, 577, 1699
What are the prime factors of 7895510?
2, 5, 7, 149, 757
List the prime factors of 259256.
2, 23, 1409
List the prime factors of 6517029.
3, 2172343
What are the prime factors of 914731?
914731
List the prime factors of 634091.
634091
What are the prime factors of 5264032?
2, 179, 919
What are the prime factors of 8977933?
67, 133999
List the prime factors of 13966412.
2, 617, 5659
What are the prime factors of 663198?
2, 3, 110533
What are the prime factors of 10635276?
2, 3, 43, 20611
What are the prime factors of 814950?
2, 3, 5, 1811
What are the prime factors of 192441?
3, 23, 2789
List the prime factors of 223935.
3, 5, 14929
What are the prime factors of 484904?
2, 7, 1237
What are the prime factors of 1904491?
41, 46451
List the prime factors of 605677.
137, 4421
What are the prime factors of 313856?
2, 613
What are the prime factors of 118097?
7, 16871
What are the prime factors of 24058713?
3, 7, 23, 49811
What are the prime factors of 392403?
3, 11, 23, 47
What are the prime factors of 238730?
2, 5, 23873
What are the prime factors of 501934?
2, 250967
List the prime factors of 28616079.
3, 9538693
What are the prime factors of 612418?
2, 306209
List the prime factors of 130348.
2, 32587
What are the prime factors of 107560?
2, 5, 2689
What are the prime factors of 22363913?
11, 13, 43, 3637
What are the prime factors of 3649140?
2, 3, 5, 11, 19, 97
List the prime factors of 619816.
2, 77477
List the prime factors of 2031909.
3, 11, 67, 919
What are the prime factors of 13009200?
2, 3, 5, 37, 293
What are the prime factors of 6906753?
3, 7, 37, 2963
List the prime factors of 3113992.
2, 7, 17, 3271
List the prime factors of 233699.
17, 59, 233
List the prime factors of 242903.
23, 59, 179
List the prime factors of 1481230.
2, 5, 148123
List the prime factors of 7594448.
2, 47, 10099
What are the prime factors of 16846482?
2, 3, 881, 3187
What are the prime factors of 329790?
2, 3, 5, 10993
List the prime factors of 68362.
2, 7, 19, 257
What are the prime factors of 506372?
2, 71, 1783
What are the prime factors of 9745189?
29, 336041
What are the prime factors of 884190?
2, 3, 5, 29473
What are the prime factors of 289735?
5, 57947
What are the prime factors of 73148?
2, 18287
What are the prime factors of 131302?
2, 65651
List the prime factors of 16368.
2, 3, 11, 31
List the prime factors of 12528777.
3, 4176259
List the prime factors of 9978509.
83, 120223
What are the prime factors of 221413?
221413
List the prime factors of 8295569.
31, 71, 3769
List the prime factors of 5340927.
3, 1780309
What are the prime factors of 695883?
3, 231961
What are the prime factors of 2570572?
2, 23, 27941
List the prime factors of 7854865.
5, 53, 29641
List the prime factors of 913308.
2, 3, 11, 17, 37
What are the prime factors of 6079944?
2, 3, 13, 1499
List the prime factors of 1193733.
3, 132637
List the prime factors of 184920.
2, 3, 5, 23, 67
List the prime factors of 266994.
2, 3, 7, 13, 163
What are the prime factors of 12894?
2, 3, 7, 307
List the prime factors of 202513.
53, 3821
List the prime factors of 9124116.
2